usands digit of 2617573?
1
What is the tens digit of 717396?
9
What is the ten thousands digit of 377895?
7
What is the ten thousands digit of 1451291?
5
What is the units digit of 44993?
3
What is the ten thousands digit of 103313?
0
What is the units digit of 1051069?
9
What is the hundreds digit of 23454?
4
What is the hundreds digit of 592769?
7
What is the ten millions digit of 20509116?
2
What is the thousands digit of 360143?
0
What is the hundreds digit of 1614250?
2
What is the hundreds digit of 265428?
4
What is the tens digit of 40289?
8
What is the ten thousands digit of 301472?
0
What is the hundred thousands digit of 8040351?
0
What is the thousands digit of 797004?
7
What is the thousands digit of 6273179?
3
What is the thousands digit of 528933?
8
What is the hundreds digit of 253740?
7
What is the hundred thousands digit of 3877136?
8
What is the tens digit of 651931?
3
What is the units digit of 114513?
3
What is the units digit of 1196390?
0
What is the units digit of 886082?
2
What is the thousands digit of 995955?
5
What is the ten thousands digit of 1299719?
9
What is the hundred thousands digit of 246804?
2
What is the tens digit of 6745502?
0
What is the units digit of 102633?
3
What is the hundred thousands digit of 2600542?
6
What is the units digit of 2030483?
3
What is the thousands digit of 1307681?
7
What is the hundred thousands digit of 1656154?
6
What is the millions digit of 11398890?
1
What is the hundred thousands digit of 307467?
3
What is the tens digit of 1417196?
9
What is the hundred thousands digit of 685846?
6
What is the thousands digit of 1540357?
0
What is the ten thousands digit of 3031254?
3
What is the ten thousands digit of 1077737?
7
What is the hundreds digit of 226060?
0
What is the units digit of 22555115?
5
What is the units digit of 6924529?
9
What is the thousands digit of 270351?
0
What is the thousands digit of 328194?
8
What is the millions digit of 2160578?
2
What is the thousands digit of 801926?
1
What is the hundreds digit of 21619?
6
What is the hundreds digit of 337505?
5
What is the tens digit of 617853?
5
What is the tens digit of 7306720?
2
What is the hundred thousands digit of 3229932?
2
What is the tens digit of 3642135?
3
What is the units digit of 12723075?
5
What is the thousands digit of 620067?
0
What is the ten thousands digit of 9909884?
0
What is the thousands digit of 813042?
3
What is the units digit of 5440220?
0
What is the ten thousands digit of 1413311?
1
What is the units digit of 1027842?
2
What is the thousands digit of 1161479?
1
What is the tens digit of 285651?
5
What is the tens digit of 1233835?
3
What is the ten thousands digit of 20962944?
6
What is the tens digit of 33393723?
2
What is the ten thousands digit of 192529?
9
What is the hundreds digit of 238603?
6
What is the ten thousands digit of 1763235?
6
What is the hundreds digit of 307226?
2
What is the hundred thousands digit of 248020?
2
What is the tens digit of 446290?
9
What is the hundred thousands digit of 526478?
5
What is the thousands digit of 117996?
7
What is the hundreds digit of 107965?
9
What is the hundred thousands digit of 7948579?
9
What is the ten thousands digit of 542010?
4
What is the units digit of 7831279?
9
What is the hundreds digit of 783088?
0
What is the hundreds digit of 21645?
6
What is the tens digit of 1566549?
4
What is the units digit of 892716?
6
What is the units digit of 260170?
0
What is the thousands digit of 4883336?
3
What is the millions digit of 1613929?
1
What is the ten thousands digit of 2155268?
5
What is the thousands digit of 6200929?
0
What is the tens digit of 34944?
4
What is the ten millions digit of 16075863?
1
What is the ten thousands digit of 325955?
2
What is the hundreds digit of 521796?
7
What is the ten thousands digit of 181510?
8
What is the tens digit of 500855?
5
What is the units digit of 1299696?
6
What is the tens digit of 5443944?
4
What is the tens digit of 22845244?
4
What is the thousands digit of 40506150?
6
What is the tens digit of 134618?
1
What is the units digit of 32369817?
7
What is the units digit of 3214651?
1
What is the hundred thousands digit of 188725?
1
What is the millions digit of 14935264?
4
What is the hundreds digit of 2062848?
8
What is the hundred thousands digit of 1021000?
0
What is the thousands digit of 6798314?
8
What is the millions digit of 1281698?
1
What is the hundreds digit of 19614063?
0
What is the tens digit of 4436284?
8
What is the ten thousands digit of 8742989?
4
What is the ten millions digit of 11501920?
1
What is the thousands digit of 879049?
9
What is the hundreds digit of 2304338?
3
What is the millions digit of 2844711?
2
What is the units digit of 10558916?
6
What is the units digit of 579045?
5
What is the hundred thousands digit of 230399?
2
What is the ten thousands digit of 2910627?
1
What is the hundred thousands digit of 675384?
6
What is the thousands digit of 3196738?
6
What is the units digit of 398666?
6
What is the units digit of 120977?
7
What is the units digit of 94488?
8
What is the units digit of 1042458?
8
What is the hundreds digit of 17588424?
4
What is the units digit of 94463?
3
What is the units digit of 8005332?
2
What is the tens digit of 845612?
1
What is the thousands digit of 3614750?
4
What is the units digit of 4558628?
8
What is the ten thousands digit of 4617538?
1
What is the hundred thousands digit of 387544?
3
What is the ten thousands digit of 224475?
2
What is the tens digit of 34604281?
8
What is the thousands digit of 3915100?
5
What is the thousands digit of 1333244?
3
What is the hundreds digit of 65231?
2
What is the thousands digit of 1484769?
4
What is the units digit of 659523?
3
What is the tens digit of 2909168?
6
What is the units digit of 3755340?
0
What is the thousands digit of 26440666?
0
What is the hundred thousands digit of 1151260?
1
What is the hundreds digit of 13399951?
9
What is the tens digit of 3683759?
5
What is the hundred thousands digit of 1664565?
6
What is the millions digit of 2827062?
2
What is the tens digit of 140844?
4
What is the ten millions digit of 21262940?
2
What is the units digit of 73410?
0
What is the units digit of 4703327?
7
What is the thousands digit of 9369658?
9
What is the thousands digit of 3085085?
5
What is the millions digit of 1502448?
1
What is the thousands digit of 610843?
0
What is the hundreds digit of 3041523?
5
What is the thousands digit of 721011?
1
What is the units digit of 283960?
0
What is the tens digit of 173546?
4
What is the hundreds digit of 69679?
6
What is the thousands digit of 3524034?
4
What is the ten thousands digit of 1385949?
8
What is the units digit of 119641?
1
What is the tens digit of 1623889?
8
What is the thousands digit of 252847?
2
What is the thousands digit of 2476614?
6
What is the hundreds digit of 29452?
4
What is the units digit of 615?
5
What is the ten thousands digit of 1074927?
7
What is the tens digit of 1535349?
4
What is the thousands digit of 82485?
2
What is the thousands digit of 665641?
5
What is the tens digit of 68393?
9
What is the tens digit of 339353?
5
What is the tens digit of 390254?
5
What is the hundreds digit of 487902?
9
What is the hundreds digit of 6273036?
0
What is the tens digit of 865030?
3
What is the hundreds digit of 8721631?
6
What is the ten millions digit of 33006643?
3
What is the hundred thousands digit of 3858798?
8
What is the hundred thousands digit of 6597317?
5
What is the units digit of 935332?
2
What is the tens digit of 2610286?
8
What is the units digit of 472600?
0
What is the hundred thousands digit of 523888?
5
What is the millions digit of 1088364?
1
What is the millions digit of 10746928?
0
What is the hundred thousands digit of 178258?
1
What is the thousands digit of 252693?
2
What is the hundreds digit of 12703080?
0
What is the tens digit of 25853322?
2
What is the hundred thousands digit of 423857?
4
What is the ten thousands digit of 12183421?
8
What is the ten thousands digit of 200032?
0
What is the units digit of 2894326?
6
What is the hundreds digit of 1194077?
0
What is the tens digit of 37850?
5
What is the ten thousands digit of 3367047?
6
What is the units digit of 2442391